e remainder when 85458 is divided by 457?
456
Calculate the remainder when 53192 is divided by 6629.
160
What is the remainder when 298037 is divided by 1076?
1061
Calculate the remainder when 3748 is divided by 68.
8
Calculate the remainder when 10723 is divided by 10521.
202
What is the remainder when 105038 is divided by 404?
402
What is the remainder when 1167 is divided by 453?
261
What is the remainder when 459328 is divided by 23?
18
What is the remainder when 3484 is divided by 419?
132
What is the remainder when 325 is divided by 30?
25
What is the remainder when 274538 is divided by 265?
263
What is the remainder when 18696 is divided by 275?
271
What is the remainder when 145536 is divided by 106?
104
What is the remainder when 10567 is divided by 958?
29
What is the remainder when 394728 is divided by 56388?
12
Calculate the remainder when 11199 is divided by 921.
147
Calculate the remainder when 66445 is divided by 94.
81
Calculate the remainder when 4211 is divided by 581.
144
Calculate the remainder when 6392 is divided by 159.
32
Calculate the remainder when 185689 is divided by 171.
154
What is the remainder when 83014 is divided by 20751?
10
What is the remainder when 142822 is divided by 71405?
12
What is the remainder when 2382656 is divided by 1116?
1112
Calculate the remainder when 321072 is divided by 233.
231
Calculate the remainder when 4680 is divided by 68.
56
What is the remainder when 834 is divided by 829?
5
What is the remainder when 144574 is divided by 61?
4
What is the remainder when 32100 is divided by 1396?
1388
What is the remainder when 617 is divided by 104?
97
Calculate the remainder when 181852 is divided by 155.
37
What is the remainder when 17272 is divided by 1222?
164
What is the remainder when 904 is divided by 813?
91
What is the remainder when 17542 is divided by 75?
67
Calculate the remainder when 67523 is divided by 67521.
2
Calculate the remainder when 14256 is divided by 122.
104
Calculate the remainder when 77411 is divided by 326.
149
What is the remainder when 3098 is divided by 122?
48
Calculate the remainder when 186838 is divided by 284.
250
What is the remainder when 7165 is divided by 14?
11
What is the remainder when 43487 is divided by 10859?
51
Calculate the remainder when 1236 is divided by 1217.
19
What is the remainder when 2516 is divided by 71?
31
What is the remainder when 74251 is divided by 28?
23
What is the remainder when 33607 is divided by 38?
15
What is the remainder when 6467 is divided by 170?
7
What is the remainder when 239900 is divided by 14993?
12
What is the remainder when 2274 is divided by 152?
146
What is the remainder when 9985 is divided by 312?
1
What is the remainder when 60974 is divided by 37?
35
What is the remainder when 26903 is divided by 13386?
131
Calculate the remainder when 393 is divided by 357.
36
Calculate the remainder when 206369 is divided by 481.
20
What is the remainder when 80721 is divided by 103?
72
What is the remainder when 10125 is divided by 37?
24
Calculate the remainder when 1890 is divided by 1748.
142
What is the remainder when 487538 is divided by 166?
162
Calculate the remainder when 32635 is divided by 170.
165
Calculate the remainder when 67278 is divided by 41.
38
What is the remainder when 26637 is divided by 702?
663
Calculate the remainder when 14561 is divided by 4829.
74
What is the remainder when 143908 is divided by 90?
88
Calculate the remainder when 149772 is divided by 160.
12
What is the remainder when 16534 is divided by 156?
154
Calculate the remainder when 71422 is divided by 16.
14
What is the remainder when 1853084 is divided by 1105?
1104
What is the remainder when 56175 is divided by 530?
525
What is the remainder when 3499001 is divided by 13?
12
What is the remainder when 13492 is divided by 71?
2
Calculate the remainder when 84357 is divided by 5623.
12
Calculate the remainder when 13921 is divided by 2560.
1121
What is the remainder when 2312 is divided by 144?
8
What is the remainder when 75276 is divided by 431?
282
Calculate the remainder when 1527545 is divided by 4255.
0
What is the remainder when 2293 is divided by 1241?
1052
What is the remainder when 64227 is divided by 21379?
90
Calculate the remainder when 375646 is divided by 45.
31
Calculate the remainder when 50161 is divided by 727.
725
What is the remainder when 2317 is divided by 2315?
2
Calculate the remainder when 2123 is divided by 337.
101
What is the remainder when 24303 is divided by 1004?
207
What is the remainder when 37152 is divided by 790?
22
Calculate the remainder when 1411239 is divided by 364.
11
What is the remainder when 67004 is divided by 472?
452
What is the remainder when 2901 is divided by 2164?
737
What is the remainder when 209404 is divided by 20935?
54
What is the remainder when 48032 is divided by 15988?
68
What is the remainder when 21250 is divided by 719?
399
Calculate the remainder when 9477 is divided by 3109.
150
What is the remainder when 81536 is divided by 321?
2
What is the remainder when 81805 is divided by 317?
19
Calculate the remainder when 63569 is divided by 46.
43
Calculate the remainder when 335997 is divided by 500.
497
What is the remainder when 10904 is divided by 10456?
448
Calculate the remainder when 25959 is divided by 236.
235
Calculate the remainder when 51621 is divided by 57.
36
What is the remainder when 99894 is divided by 54?
48
What is the remainder when 244785 is divided by 1345?
1340
Calculate the remainder when 4192 is divided by 43.
21
Calculate the remainder when 117683 is divided by 252.
251
Calculate the remainder when 5962 is divided by 2976.
10
What is the remainder when 247688 is divided by 246?
212
What is the remainder when 78171 is divided by 242?
5
What is the remainder when 6969 is divided by 3044?
881
What is the remainder when 4429 is divided by 1433?
130
Calculate the remainder when 1780 is divided by 337.
95
Calculate the remainder when 7474431 is divided by 14.
13
Calculate the remainder when 87049 is divided by 43523.
3
What is the remainder when 10524 is divided by 2611?
80
Calculate the remainder when 240376 is divided by 921.
916
What is the remainder when 33880 is divided by 11293?
1
Calculate the remainder when 134038 is divided by 119.
44
Calculate the remainder when 281359 is divided by 12.
7
What is the remainder when 1513 is divided by 46?
41
What is the remainder when 2713 is divided by 46?
45
What is the remainder when 23519 is divided by 24?
23
What is the remainder when 68195 is divided by 13633?
30
Calculate the remainder when 453117 is divided by 96.
93
Calculate the remainder when 37754 is divided by 6289.
20
What is the remainder when 425 is divided by 63?
47
Calculate the remainder when 2498 is divided by 124.
18
What is the remainder when 203633 is divided by 46?
37
What is the remainder when 27065 is divided by 13?
12
Calculate the remainder when 112904 is divided by 1214.
2
What is the remainder when 89242 is divided by 5?
2
What is the remainder when 459377 is divided by 6?
5
Calculate the remainder when 19349 is divided by 21.
8
What is the remainder when 57802 is divided by 14?
10
Calculate the remainder when 3564 is divided by 1182.
18
Calculate the remainder when 268060 is divided by 44.
12
Calculate the remainder when 12507 is divided by 6204.
99
Calculate the remainder when 717944 is divided by 865.
859
What is the remainder when 72740 is divided by 36306?
128
What is the remainder when 77746 is divided by 112?
18
Calculate the remainder when 13866 is divided by 215.
106
Calculate the remainder when 28357 is divided by 14104.
149
What is the remainder when 402494 is divided by 758?
754
What is the remainder when 2443 is divided by 1837?
606
Calculate the remainder when 30787 is divided by 68.
51
Calculate the remainder when 2169 is divided by 269.
17
What is the remainder when 20609 is divided by 42?
29
Calculate the remainder when 13326 is divided by 1332.
6
Calculate the remainder when 580690 is divided by 28.
26
Calculate the remainder when 665 is divided by 563.
102
What is the remainder when 8899 is divided by 146?
139
What is the remainder when 3126 is divided by 40?
6
What is the remainder when 5669 is divided by 6